{"id":221,"date":"2025-12-20T22:48:59","date_gmt":"2025-12-20T21:48:59","guid":{"rendered":"http:\/\/cis-moll.me\/?page_id=221"},"modified":"2026-05-13T21:52:44","modified_gmt":"2026-05-13T19:52:44","slug":"ueber","status":"publish","type":"page","link":"https:\/\/cis-moll.me\/?page_id=221","title":{"rendered":"Worum geht es hier eigentlich?"},"content":{"rendered":"\n<div class=\"wp-block-group is-layout-constrained wp-container-core-group-is-layout-e99d2241 wp-block-group-is-layout-constrained\">\n<h2 class=\"wp-block-heading\">Worum geht es hier eigentlich?<\/h2>\n\n\n\n<h3 class=\"wp-block-heading has-foreground-color has-text-color has-link-color wp-elements-1\">Cis-Moll ist das Requiem auf cis-M\u00e4nnlichkeit. <\/h3>\n\n\n\n<h3 class=\"wp-block-heading\">Ach Quatsch, M\u00e4nnlichkeit generell!<\/h3>\n<\/div>\n\n\n\n<div class=\"wp-block-group is-content-justification-right is-layout-constrained wp-container-core-group-is-layout-01733fc5 wp-block-group-is-layout-constrained\">\n<p class=\"wp-block-paragraph\">Cis-Moll ist von M\u00e4nnern, f\u00fcr M\u00e4nner gegen M\u00e4nnlichkeit. Es kann nicht sein, dass &#8222;M\u00e4nner&#8220; stille Beobachter sind, w\u00e4hrend sich der Rest der Welt am Patriarchat abarbeitet und irgendwie versucht, den Karren aus dem Dreck zu bekommen, in den uns der Rotz hinein man\u00f6vriert hat.<\/p>\n<\/div>\n\n\n\n<div class=\"wp-block-group is-content-justification-center is-layout-constrained wp-container-core-group-is-layout-354915d5 wp-block-group-is-layout-constrained\">\n<div class=\"wp-block-media-text is-stacked-on-mobile is-vertically-aligned-bottom is-image-fill-element\" style=\"grid-template-columns:30% auto\"><figure class=\"wp-block-media-text__media\"><img loading=\"lazy\" decoding=\"async\" width=\"1024\" height=\"1024\" src=\"https:\/\/cis-moll.me\/wp-content\/uploads\/2025\/12\/IMG_1607-1-1024x1024.jpeg\" alt=\"\" class=\"wp-image-471 size-full\" style=\"object-position:46% 57%\" srcset=\"https:\/\/cis-moll.me\/wp-content\/uploads\/2025\/12\/IMG_1607-1-1024x1024.jpeg 1024w, https:\/\/cis-moll.me\/wp-content\/uploads\/2025\/12\/IMG_1607-1-300x300.jpeg 300w, https:\/\/cis-moll.me\/wp-content\/uploads\/2025\/12\/IMG_1607-1-150x150.jpeg 150w, https:\/\/cis-moll.me\/wp-content\/uploads\/2025\/12\/IMG_1607-1-768x768.jpeg 768w, https:\/\/cis-moll.me\/wp-content\/uploads\/2025\/12\/IMG_1607-1-1536x1536.jpeg 1536w, https:\/\/cis-moll.me\/wp-content\/uploads\/2025\/12\/IMG_1607-1-2048x2048.jpeg 2048w\" sizes=\"auto, (max-width: 1024px) 100vw, 1024px\" \/><\/figure><div class=\"wp-block-media-text__content\">\n<p class=\"wp-block-paragraph\">Und wenn mir jetzt jemand sagt: &#8222;Welcher Dreck?&#8220; <br>Dem sag ich: <\/p>\n\n\n\n<h2 class=\"wp-block-heading\"><strong><mark style=\"background-color:rgba(0, 0, 0, 0)\" class=\"has-inline-color has-primary-color\">Sieh dich um!<\/mark><\/strong><\/h2>\n\n\n\n<p class=\"wp-block-paragraph\">M\u00e4nnlichkeit ist ein Schei\u00df. (Weiblichkeit auch, aber das ist nicht meine Baustelle.) Andere Seite der beschissenen patriarchalen Pfandmarke.<\/p>\n<\/div><\/div>\n<\/div>\n\n\n\n<div class=\"wp-block-group is-content-justification-right is-layout-constrained wp-container-core-group-is-layout-01733fc5 wp-block-group-is-layout-constrained\">\n<p class=\"wp-block-paragraph\">M\u00e4nnlichkeit verursacht furchtbare Sch\u00e4den, an der Umwelt, an der Geselschaft. Sie hinterl\u00e4sst Wunden und was wei\u00df ich noch alles. Und alle Aspekte, die man als positive Eigenschaften von M\u00e4nnern nennen k\u00f6nnte, haben nichts mit dem <a href=\"https:\/\/cis-moll.me\/?p=888\" data-type=\"post\" data-id=\"888\">y-Chromosom<\/a> zu tun. Das sind menschliche Eigenschaften, unabh\u00e4ngig vom Geschlecht einer Person. Pr\u00e4gung, Dummkopf! Es ist das Umfeld in der die Person gro\u00df geworden ist, wer ihre Vorbilder, ihre Mentor:innen, ihre Erzieher:innen waren.<\/p>\n\n\n\n<p class=\"wp-block-paragraph\">M\u00e4nnliche Pr\u00e4gung verliert ihren Wert, wenn die Gesellschaft offener, inklusiver und gerechter wird. Weshalb wir auch diese maskuline rechts-konservative Shitshow an den Hacken haben. Das zeigt die Bereitschaft f\u00fcr die Verteidigung der eigenen Privilegien, f\u00fcr Geld und Macht, wirklich alles abzufackeln. Zeig mir die eine Milliard\u00e4rin, die ihre Macht dazu einsetzt alles einzurei\u00dfen, was Freiheit, Gleichheit, Rechtstaatlichkeit, Soziales, fucking Frieden garantiert.<\/p>\n<\/div>\n\n\n\n<div class=\"wp-block-group is-content-justification-center is-layout-constrained wp-container-core-group-is-layout-354915d5 wp-block-group-is-layout-constrained\">\n<h2 class=\"wp-block-heading\">Die Frage ist doch, wie kommen wir da raus. Was ist unsere Rolle. Was ist deine Rolle? <\/h2>\n\n\n\n<h3 class=\"wp-block-heading\">Wo bleibt der m\u00e4nnliche Aufschrei, wenn mal wieder eine neue Horror-Nachricht ansteht? Von irgendeinem T\u00e4ter, der seine Frau missbraucht, seine Ex-Partnerin, bel\u00e4stigt, verletzt, ermordet  <\/h3>\n\n\n\n<p class=\"wp-block-paragraph\">Oder einfach nur die t\u00e4gliche frauenverachtende, sexistische, \u00fcbergriffige, selbstgerechte, unreflektierte, infantile Schei\u00dfe.<\/p>\n<\/div>\n\n\n\n<div class=\"wp-block-group is-content-justification-right is-layout-constrained wp-container-core-group-is-layout-01733fc5 wp-block-group-is-layout-constrained\">\n<h2 class=\"wp-block-heading\">Wo ist der m\u00e4nnliche Aufschrei, gegen m\u00e4nnliche Gewalt? Stattdessen h\u00f6rt nur rumgeheule und die \u00f6ffentliche Anklage, dass man nichts mehr &#8222;darf&#8220;. Gehts noch?!<\/h2>\n\n\n\n<p class=\"wp-block-paragraph\"><em>&#8222;Men are afraid that women will laugh at them. Women are afraid that men will kill them.&#8220; <\/em><br>Margaret Atwood<\/p>\n\n\n\n<p class=\"wp-block-paragraph\">Mir reichts. Ich will schreien. Ich will nicht mehr Teil dieses Vereins sein. Ich k\u00fcndige. Ich hab die Schnauze voll. Ich bin w\u00fctend und ich will den &#8222;M\u00e4nnern&#8220; ins Gesicht spucken und schreien:<\/p>\n<\/div>\n\n\n\n<div class=\"wp-block-group is-layout-constrained wp-container-core-group-is-layout-e99d2241 wp-block-group-is-layout-constrained\">\n<h2 class=\"wp-block-heading\">&#8222;Ihr kotzt mich an, ihr W\u00fcrstchen.&#8220;<\/h2>\n<\/div>\n","protected":false},"excerpt":{"rendered":"<p>Worum geht es hier eigentlich? Cis-Moll ist das Requiem auf cis-M\u00e4nnlichkeit. Ach Quatsch, M\u00e4nnlichkeit generell! Cis-Moll ist von M\u00e4nnern, f\u00fcr M\u00e4nner gegen M\u00e4nnlichkeit. Es kann nicht sein, dass &#8222;M\u00e4nner&#8220; stille Beobachter sind, w\u00e4hrend sich der Rest der Welt am Patriarchat abarbeitet und irgendwie versucht, den Karren aus dem Dreck zu bekommen, in den uns der [&hellip;]<\/p>\n","protected":false},"author":1,"featured_media":0,"parent":0,"menu_order":0,"comment_status":"closed","ping_status":"closed","template":"page-no-separators","meta":{"footnotes":""},"class_list":["post-221","page","type-page","status-publish","hentry"],"_links":{"self":[{"href":"https:\/\/cis-moll.me\/index.php?rest_route=\/wp\/v2\/pages\/221","targetHints":{"allow":["GET"]}}],"collection":[{"href":"https:\/\/cis-moll.me\/index.php?rest_route=\/wp\/v2\/pages"}],"about":[{"href":"https:\/\/cis-moll.me\/index.php?rest_route=\/wp\/v2\/types\/page"}],"author":[{"embeddable":true,"href":"https:\/\/cis-moll.me\/index.php?rest_route=\/wp\/v2\/users\/1"}],"replies":[{"embeddable":true,"href":"https:\/\/cis-moll.me\/index.php?rest_route=%2Fwp%2Fv2%2Fcomments&post=221"}],"version-history":[{"count":32,"href":"https:\/\/cis-moll.me\/index.php?rest_route=\/wp\/v2\/pages\/221\/revisions"}],"predecessor-version":[{"id":1249,"href":"https:\/\/cis-moll.me\/index.php?rest_route=\/wp\/v2\/pages\/221\/revisions\/1249"}],"wp:attachment":[{"href":"https:\/\/cis-moll.me\/index.php?rest_route=%2Fwp%2Fv2%2Fmedia&parent=221"}],"curies":[{"name":"wp","href":"https:\/\/api.w.org\/{rel}","templated":true}]}}

<div class="wp-block-group is-layout-constrained wp-container-core-group-is-layout-e99d2241 wp-block-group-is-layout-constrained">
<h2 class="wp-block-heading">Worum geht es hier eigentlich?</h2>



<h3 class="wp-block-heading has-foreground-color has-text-color has-link-color wp-elements-1">Cis-Moll ist das Requiem auf cis-Männlichkeit. </h3>



<h3 class="wp-block-heading">Ach Quatsch, Männlichkeit generell!</h3>
</div>



<div class="wp-block-group is-content-justification-right is-layout-constrained wp-container-core-group-is-layout-01733fc5 wp-block-group-is-layout-constrained">
<p class="wp-block-paragraph">Cis-Moll ist von Männern, für Männer gegen Männlichkeit. Es kann nicht sein, dass &#8222;Männer&#8220; stille Beobachter sind, während sich der Rest der Welt am Patriarchat abarbeitet und irgendwie versucht, den Karren aus dem Dreck zu bekommen, in den uns der Rotz hinein manövriert hat.</p>
</div>



<div class="wp-block-group is-content-justification-center is-layout-constrained wp-container-core-group-is-layout-354915d5 wp-block-group-is-layout-constrained">
<div class="wp-block-media-text is-stacked-on-mobile is-vertically-aligned-bottom is-image-fill-element" style="grid-template-columns:30% auto"><figure class="wp-block-media-text__media"><img loading="lazy" decoding="async" width="1024" height="1024" src="https://cis-moll.me/wp-content/uploads/2025/12/IMG_1607-1-1024x1024.jpeg" alt="" class="wp-image-471 size-full" style="object-position:46% 57%" srcset="https://cis-moll.me/wp-content/uploads/2025/12/IMG_1607-1-1024x1024.jpeg 1024w, https://cis-moll.me/wp-content/uploads/2025/12/IMG_1607-1-300x300.jpeg 300w, https://cis-moll.me/wp-content/uploads/2025/12/IMG_1607-1-150x150.jpeg 150w, https://cis-moll.me/wp-content/uploads/2025/12/IMG_1607-1-768x768.jpeg 768w, https://cis-moll.me/wp-content/uploads/2025/12/IMG_1607-1-1536x1536.jpeg 1536w, https://cis-moll.me/wp-content/uploads/2025/12/IMG_1607-1-2048x2048.jpeg 2048w" sizes="auto, (max-width: 1024px) 100vw, 1024px" /></figure><div class="wp-block-media-text__content">
<p class="wp-block-paragraph">Und wenn mir jetzt jemand sagt: &#8222;Welcher Dreck?&#8220; <br>Dem sag ich: </p>



<h2 class="wp-block-heading"><strong><mark style="background-color:rgba(0, 0, 0, 0)" class="has-inline-color has-primary-color">Sieh dich um!</mark></strong></h2>



<p class="wp-block-paragraph">Männlichkeit ist ein Scheiß. (Weiblichkeit auch, aber das ist nicht meine Baustelle.) Andere Seite der beschissenen patriarchalen Pfandmarke.</p>
</div></div>
</div>



<div class="wp-block-group is-content-justification-right is-layout-constrained wp-container-core-group-is-layout-01733fc5 wp-block-group-is-layout-constrained">
<p class="wp-block-paragraph">Männlichkeit verursacht furchtbare Schäden, an der Umwelt, an der Geselschaft. Sie hinterlässt Wunden und was weiß ich noch alles. Und alle Aspekte, die man als positive Eigenschaften von Männern nennen könnte, haben nichts mit dem <a href="https://cis-moll.me/?p=888" data-type="post" data-id="888">y-Chromosom</a> zu tun. Das sind menschliche Eigenschaften, unabhängig vom Geschlecht einer Person. Prägung, Dummkopf! Es ist das Umfeld in der die Person groß geworden ist, wer ihre Vorbilder, ihre Mentor:innen, ihre Erzieher:innen waren.</p>



<p class="wp-block-paragraph">Männliche Prägung verliert ihren Wert, wenn die Gesellschaft offener, inklusiver und gerechter wird. Weshalb wir auch diese maskuline rechts-konservative Shitshow an den Hacken haben. Das zeigt die Bereitschaft für die Verteidigung der eigenen Privilegien, für Geld und Macht, wirklich alles abzufackeln. Zeig mir die eine Milliardärin, die ihre Macht dazu einsetzt alles einzureißen, was Freiheit, Gleichheit, Rechtstaatlichkeit, Soziales, fucking Frieden garantiert.</p>
</div>



<div class="wp-block-group is-content-justification-center is-layout-constrained wp-container-core-group-is-layout-354915d5 wp-block-group-is-layout-constrained">
<h2 class="wp-block-heading">Die Frage ist doch, wie kommen wir da raus. Was ist unsere Rolle. Was ist deine Rolle? </h2>



<h3 class="wp-block-heading">Wo bleibt der männliche Aufschrei, wenn mal wieder eine neue Horror-Nachricht ansteht? Von irgendeinem Täter, der seine Frau missbraucht, seine Ex-Partnerin, belästigt, verletzt, ermordet  </h3>



<p class="wp-block-paragraph">Oder einfach nur die tägliche frauenverachtende, sexistische, übergriffige, selbstgerechte, unreflektierte, infantile Scheiße.</p>
</div>



<div class="wp-block-group is-content-justification-right is-layout-constrained wp-container-core-group-is-layout-01733fc5 wp-block-group-is-layout-constrained">
<h2 class="wp-block-heading">Wo ist der männliche Aufschrei, gegen männliche Gewalt? Stattdessen hört nur rumgeheule und die öffentliche Anklage, dass man nichts mehr &#8222;darf&#8220;. Gehts noch?!</h2>



<p class="wp-block-paragraph"><em>&#8222;Men are afraid that women will laugh at them. Women are afraid that men will kill them.&#8220; </em><br>Margaret Atwood</p>



<p class="wp-block-paragraph">Mir reichts. Ich will schreien. Ich will nicht mehr Teil dieses Vereins sein. Ich kündige. Ich hab die Schnauze voll. Ich bin wütend und ich will den &#8222;Männern&#8220; ins Gesicht spucken und schreien:</p>
</div>



<div class="wp-block-group is-layout-constrained wp-container-core-group-is-layout-e99d2241 wp-block-group-is-layout-constrained">
<h2 class="wp-block-heading">&#8222;Ihr kotzt mich an, ihr Würstchen.&#8220;</h2>
</div>

<p>Worum geht es hier eigentlich? Cis-Moll ist das Requiem auf cis-Männlichkeit. Ach Quatsch, Männlichkeit generell! Cis-Moll ist von Männern, für Männer gegen Männlichkeit. Es kann nicht sein, dass &#8222;Männer&#8220; stille Beobachter sind, während sich der Rest der Welt am Patriarchat abarbeitet und irgendwie versucht, den Karren aus dem Dreck zu bekommen, in den uns der [&hellip;]</p>
